83 a prime number?
False
Is 917779 prime?
False
Is 135953366 a prime number?
False
Is 170154469 composite?
True
Is 1113923 composite?
True
Is 4816829 composite?
True
Is 886133 a composite number?
True
Is 15630737 composite?
False
Is 34789519 prime?
True
Is 31183813 a composite number?
True
Is 48800267 composite?
True
Is 267097 a prime number?
True
Is 5376647 a prime number?
True
Is 4624427 a prime number?
False
Is 165805603 composite?
True
Is 10837663 a composite number?
False
Is 53371963 composite?
True
Is 91895677 composite?
False
Is 158071 a prime number?
True
Is 372041963 composite?
False
Is 697978 a prime number?
False
Is 6122645 a composite number?
True
Is 14249293 composite?
False
Is 690838801 a composite number?
False
Is 1169561 prime?
False
Is 464207 a composite number?
True
Is 63168449 prime?
False
Is 83230393 a prime number?
False
Is 2070041 composite?
False
Is 36553463 a prime number?
False
Is 2977613 a composite number?
True
Is 390781 prime?
True
Is 3249773 a composite number?
True
Is 37422323 composite?
True
Is 76984231 composite?
False
Is 114596693 prime?
False
Is 22694737 prime?
False
Is 34805893 a composite number?
False
Is 12575977 prime?
True
Is 441618215 a prime number?
False
Is 1809631 a prime number?
True
Is 37281421 composite?
True
Is 6060317 a composite number?
True
Is 18259273 a prime number?
True
Is 104615657 prime?
False
Is 1895981 a prime number?
True
Is 6726299 a prime number?
True
Is 14751103 a composite number?
True
Is 180701 prime?
True
Is 208129507 a prime number?
False
Is 237727 a composite number?
True
Is 5491457 composite?
True
Is 1355422963 a composite number?
False
Is 17287678 a prime number?
False
Is 200672317 prime?
False
Is 10921043 composite?
True
Is 4421011 composite?
True
Is 155670869 composite?
True
Is 6273151 composite?
False
Is 1441511 prime?
False
Is 46453259 composite?
False
Is 190539373 prime?
True
Is 1333649 prime?
True
Is 1044977 composite?
True
Is 9372109 a composite number?
True
Is 35272319 a composite number?
False
Is 24061459 a prime number?
True
Is 3935183 prime?
False
Is 1354253 prime?
False
Is 693967 a composite number?
False
Is 17659849 composite?
False
Is 846383 prime?
True
Is 35306893 a prime number?
False
Is 1034419 a composite number?
False
Is 13292009 a composite number?
False
Is 41372707 a prime number?
True
Is 4556477 a composite number?
False
Is 6083411 composite?
False
Is 96220699 a composite number?
False
Is 46199 a prime number?
True
Is 12636139 a prime number?
True
Is 46967783 a prime number?
True
Is 893516077 a composite number?
True
Is 11687657 composite?
True
Is 17291 prime?
True
Is 325887223 composite?
False
Is 9677999 prime?
True
Is 137483677 composite?
True
Is 244158899 prime?
True
Is 16511611 a prime number?
True
Is 258107051 composite?
False
Is 16321093 a prime number?
True
Is 532969 a prime number?
False
Is 25153831 prime?
False
Is 1215538 prime?
False
Is 17659679 composite?
False
Is 2607481 a prime number?
True
Is 10191889 composite?
False
Is 5825627 a prime number?
True
Is 7200179 a composite number?
True
Is 597344281 prime?
True
Is 21365077 a composite number?
False
Is 17791691 a prime number?
True
Is 10676882 a composite number?
True
Is 5323393 a composite number?
True
Is 3480929 a composite number?
False
Is 173496857 prime?
False
Is 302196533 composite?
False
Is 21945751 a prime number?
True
Is 109625959 a composite number?
False
Is 5578819 composite?
True
Is 341597471 prime?
False
Is 17484641 a composite number?
True
Is 14939878 prime?
False
Is 5718929 composite?
True
Is 5181599 composite?
False
Is 7546471 composite?
False
Is 78191401 composite?
True
Is 30081266 prime?
False
Is 66114514 a prime number?
False
Is 746911 a composite number?
True
Is 92457361 prime?
False
Is 26096129 a prime number?
False
Is 2078803 a prime number?
False
Is 178001727 composite?
True
Is 2104313 composite?
False
Is 1107269 prime?
True
Is 56941463 a prime number?
True
Is 4559629 prime?
True
Is 6351307 composite?
True
Is 10329409 a composite number?
False
Is 35026813 a prime number?
True
Is 13226959 a prime number?
False
Is 2946883 prime?
True
Is 16649 composite?
False
Is 151371287 prime?
True
Is 2268857 a prime number?
False
Is 45884953 prime?
False
Is 46817819 prime?
True
Is 6710153 a prime number?
True
Is 771739 prime?
True
Is 342669229 a composite number?
True
Is 25813217 a prime number?
False
Is 194647 a prime number?
True
Is 1765529 a prime number?
False
Is 18504919 a prime number?
True
Is 71326129 a composite number?
True
Is 4739897 a prime number?
False
Is 549161 a composite number?
False
Is 428820449 prime?
False
Is 42606449 prime?
False
Is 6297749 a composite number?
False
Is 13021939 prime?
False
Is 16830703 a composite number?
True
Is 12575497 composite?
True
Is 10027609 a prime number?
False
Is 97120763 a composite number?
True
Is 57508663 a prime number?
True
Is 4365961 a composite number?
False
Is 32740361 composite?
False
Is 5123077 a composite number?
False
Is 8629579 a prime number?
False
Is 12925387 prime?
False
Is 8416123 a prime number?
True
Is 1502503 composite?
False
Is 777702346 prime?
False
Is 21932543 prime?
True
Is 42433 prime?
True
Is 45148549 prime?
False
Is 2711629 composite?
False
Is 42751699 composite?
False
Is 34066103 a composite number?
False
Is 19836263 a composite number?
True
Is 149279 prime?
False
Is 2595053 prime?
False
Is 106868869 a prime number?
True
Is 3641543 composite?
True
Is 918805 a prime number?
False
Is 21704443 composite?
False
Is 1267633 a composite number?
False
Is 482281 prime?
True
Is 41731117 a composite number?
True
Is 4681147 a composite number?
False
Is 43423999 a composite number?
False
Is 1857997 a prime number?
False
Is 67971971 a prime number?
True
Is 145678523 prime?
False
Is 2532373 composite?
True
Is 27223381 prime?
True
Is 94035013 a composite number?
False
Is 40388239 a prime number?
False
Is 81538439 composite?
True
Is 192347807 prime?
False
Is 6800539 a composite number?
True
Is 18491377 prime?
True
Is 6238469 a prime number?
True
Is 749849455 composite?
True
Is 279899383 a prime number?
True
Is 2799763 prime?
False
Is 109038779 composite?
False
Is 36353831 a composite number?
True
Is 6938549 a prime number?
False
Is 2167327 prime?
True
Is 949816459 prime?
True
Is 90374243 a prime number?
True
Is 546325751 a composite number?
True
Is 52037383 prime?
True
Is 8601233 a prime number?
True
Is 2003791 a composite number?
True
Is 5428099 composite?
False
Is 1410323 a composite number?
True
Is 10522679 composite?
True
Is 187379 composite?
False
Is 573657559 prime?
False
Is 12041327 a prime number?
True
Is 324856219 composite?
False
Is 30746167 composite?
True
Is 23589199 a prime number?
True
Is 49397659 a composite number?
True
Is 1618703 a composite number?
False
Is 20081819 a composite number?
True
Is 40371361 a prime number?
False
Is 21321753 a composite number?
True
Is 19257521 a composite number?
False
Is 769999633 a composite number?
True
Is 188016359 a prime number?
True
Is 4678939 a composite number?
False
Is 10133957 a prime number?
True
Is 644729 prime?
True
Is 7769327 composite?
False
Is 577978571 composite?
True
Is 131927909 a composite number?
True
Is 17473301 prime?
True
Is 26912029 prime?
False
Is 2240221 prime?
False
Is 3405671 prime?
True
Is 27021179 prime?
True
Is 204954511 a composite number?
False
Is 1430587 a composite number?
False
Is 43630913 prime?
False
Is 44949451 a composite number?
True
Is 1321831 composite?
True
Is 4508607 a prime number?
False
Is 159041 composite?
True
Is 36159737 a prime number?
True
Is 18766157 prime?
True
Is 31139569 prime?
False
Is 13184363 composite?
False
Is 78132947 prime?
False
Is 3064291 prime?
True
Is 839413 a composite number?
False
Is 70822097 a composite number?
True
Is 3741197 a composite number?
False
Is 23089289 prime?
True
Is 16424671 a composite number?
False
Is 15680399 a prime number?
False
Is 59671141 a composite number?
True
Is 12270133 a composite number?
False
Is 12864077 prime?
True
Is 2788919 prime?
False
Is 8419651 a composite number?
False
Is 215606917 a composite number?
False
Is 220236287 a composite number?
True
Is 132329 a prime number?
True
Is 241295 a composite number?
True
Is 5388787 a composite number?
True
Is 9597719 a prime number?
